{"id":228,"date":"2025-02-21T14:45:02","date_gmt":"2025-02-21T14:45:02","guid":{"rendered":"https:\/\/andreacatelli.it\/?page_id=228"},"modified":"2026-03-11T09:10:53","modified_gmt":"2026-03-11T09:10:53","slug":"stare-bene-al-lavoro-o-fare-il-lavoro-che-ci-fa-stare-bene","status":"publish","type":"page","link":"https:\/\/andreacatelli.it\/?page_id=228","title":{"rendered":"Percorsi individuali"},"content":{"rendered":"<h4><span style=\"color: #000080;\">Stare bene al lavoro o fare il lavoro che ci fa stare bene<\/span><\/h4>\n<p>Spesso ricevo richieste di consulenza da clienti che, in una fase cruciale della loro vita, hanno necessit\u00e0 di essere supportati nelle scelte professionali.<\/p>\n<p>La maggior parte di queste persone non ha chiaro, almeno in una fase inziale, che cosa mi sta chiedendo. Tutti per\u00f2 esprimono una profonda difficolt\u00e0 rispetto al loro lavoro e alla loro vita.<\/p>\n<p>Posso distinguere due gruppi di persone.<\/p>\n<ul>\n<li>Il primo gruppo comprende chi, per i motivi pi\u00f9 diversi, deve <strong><span style=\"color: #000080;\"><em>ricominciare<\/em><\/span><\/strong>. Qualcuno deve fare i conti con ristrutturazioni aziendali, altri con il proprio mercato di riferimento inesorabilmente mutato, altri ancora, pur intenzionati ad iniziare un nuovo percorso, non sanno da dove cominciare per rimettersi in gioco. Tutti riportano la fatica di orientarsi in una societ\u00e0 che all&#8217;apparenza offre mille opportunit\u00e0 ma che, in concreto, non aiuta affatto a ricominciare.<\/li>\n<li>Il secondo gruppo comprende persone che esprimono un <strong><span style=\"color: #000080;\"><em>disagio<\/em><\/span> <\/strong>&#8211;\u00a0 sopraggiunto nel tempo &#8211; nello svolgere il loro lavoro. Con il passare degli anni si sono accorti che le motivazioni e le soddisfazioni che li hanno sostenuti in passato si sono affievolite o spente. Qualcuno prova a coltivare altri interessi, altri attribuiscono il proprio malessere al capo, ai colleghi, ai clienti sempre pi\u00f9 pretenziosi e maleducati. In tutti \u00e8 evidente la difficolt\u00e0 di adattarsi ad un mutato scenario in cui non sentono pi\u00f9 di poter trarre soddisfazione.<\/li>\n<\/ul>\n<p><span style=\"color: #000080;\"><strong><em>Quando siamo di fronte alla necessit\u00e0 di un cambiamento, fatichiamo a vedere il nostro talento e le nostre risorse<\/em><\/strong><\/span>. La \u201cSindrome dell\u2019Impostore\u201d \u00e8 pi\u00f9 diffusa di quanto pensiamo. Crediamo che i nostri successi siano supportati dalla fortuna e non ci riconosciamo capacit\u00e0, talenti e risorse che invece abbiamo.<\/p>\n<p>Ho aiutato persone che non si sentivano appagate e realizzate e hanno deciso di provare a cambiare. Ho sostenuto altri che, a fronte di riorganizzazioni aziendali, si sono trovati \u201cfuori\u201d dal mercato del lavoro e, dopo molti anni di certezze, erano frastornati e spaesati. Altri ancora, sentendo di aver esaurito la passione e la spinta nella loro quotidianit\u00e0, hanno sentito l\u2019esigenza di coltivare altre possibilit\u00e0.<\/p>\n<p><strong><span style=\"color: #000080;\">Il mio metodo ha come obiettivo <em>sviluppare la consapevolezza del proprio talento e delle proprie inclinazioni personali<\/em><\/span><\/strong><em>,<\/em> utilizzarli in nuovi progetti o per migliorare il contesto in cui gi\u00e0 si lavora.<\/p>\n<p style=\"padding-left: 40px;\"><em>Ipotizzare percorsi di sviluppo e stendere un piano d\u2019azione;<\/em><br \/>\n<em> Ridefinire i propri obiettivi con consapevolezza;<\/em><br \/>\n<em>Individuare i propri talenti.<\/em><\/p>\n<p>Oltre che aver vissuto nel mio percorso professionale queste fatiche ed aver sperimentato su di me questi stessi percorsi, mi formo costantemente da anni. La mia formazione come <strong><em><span style=\"color: #000080;\">Coach di ispirazione Gestaltica<\/span><\/em><\/strong>, come <strong><span style=\"color: #000080;\"><em>M<\/em><em>aster Practitioner PNL<\/em><\/span><\/strong>, nonch\u00e8 come<span style=\"color: #000080;\"><strong> Ipnologo Costruttivista<\/strong><\/span> mi permette di far emergere elementi personali e fornire strumenti operativi supportando concretamente il cambiamento.<\/p>\n<p>L\u2019obiettivo del lavoro non \u00e8 mai il raggiungimento di un risultato predefinito ma piuttosto individuare il percorso affinch\u00e9 il cliente possa mettere a fuoco il proprio obiettivo, definire la strada per raggiungerlo, utilizzare gli strumenti pi\u00f9 adatti a lui.<\/p>\n<p style=\"padding-left: 40px;\"><em>Il lavoro che faccio non \u00e8 dare ricette al cliente ma aiutarlo a trovare i propri strumenti, le proprie risorse e la consapevolezza che \u201c<span style=\"color: #000080;\">c\u2019\u00e8 un piano B<\/span>\u201d. Non \u00e8 mai troppo tardi.<br \/>\n<\/em><\/p>\n<p><span style=\"color: #000080;\"><em><strong>\u201cSe non ci piace dove stiamo, possiamo spostarci, non siamo alberi\u201d<\/strong><\/em><\/span> Snoopy<\/p>\n","protected":false},"excerpt":{"rendered":"<p>Stare bene al lavoro o fare il lavoro che ci fa stare bene Spesso ricevo richieste di consulenza da clienti che, in una fase cruciale della loro vita, hanno necessit\u00e0 di essere supportati nelle scelte professionali. La maggior parte di queste persone non ha chiaro, almeno in una fase inziale, che cosa mi sta chiedendo. &hellip; <\/p>\n<p class=\"link-more\"><a href=\"https:\/\/andreacatelli.it\/?page_id=228\" class=\"more-link\">Leggi tutto<span class=\"screen-reader-text\"> &#8220;Percorsi individuali&#8221;<\/span><\/a><\/p>\n","protected":false},"author":1,"featured_media":0,"parent":0,"menu_order":0,"comment_status":"closed","ping_status":"closed","template":"","meta":{"footnotes":""},"class_list":["post-228","page","type-page","status-publish","hentry"],"yoast_head":"<!-- This site is optimized with the Yoast SEO plugin v20.2.1 - https:\/\/yoast.com\/wordpress\/plugins\/seo\/ -->\n<title>Percorsi individuali - Coaching, formazione, consulenza<\/title>\n<meta name=\"robots\" content=\"index, follow, max-snippet:-1, max-image-preview:large, max-video-preview:-1\" \/>\n<link rel=\"canonical\" href=\"https:\/\/andreacatelli.it\/?page_id=228\" \/>\n<meta property=\"og:locale\" content=\"it_IT\" \/>\n<meta property=\"og:type\" content=\"article\" \/>\n<meta property=\"og:title\" content=\"Percorsi individuali - Coaching, formazione, consulenza\" \/>\n<meta property=\"og:description\" content=\"Stare bene al lavoro o fare il lavoro che ci fa stare bene Spesso ricevo richieste di consulenza da clienti che, in una fase cruciale della loro vita, hanno necessit\u00e0 di essere supportati nelle scelte professionali. La maggior parte di queste persone non ha chiaro, almeno in una fase inziale, che cosa mi sta chiedendo. &hellip; Leggi tutto &quot;Percorsi individuali&quot;\" \/>\n<meta property=\"og:url\" content=\"https:\/\/andreacatelli.it\/?page_id=228\" \/>\n<meta property=\"og:site_name\" content=\"Coaching, formazione, consulenza\" \/>\n<meta property=\"article:modified_time\" content=\"2026-03-11T09:10:53+00:00\" \/>\n<meta name=\"twitter:card\" content=\"summary_large_image\" \/>\n<meta name=\"twitter:label1\" content=\"Tempo di lettura stimato\" \/>\n\t<meta name=\"twitter:data1\" content=\"3 minuti\" \/>\n<script type=\"application\/ld+json\" class=\"yoast-schema-graph\">{\"@context\":\"https:\/\/schema.org\",\"@graph\":[{\"@type\":\"WebPage\",\"@id\":\"https:\/\/andreacatelli.it\/?page_id=228\",\"url\":\"https:\/\/andreacatelli.it\/?page_id=228\",\"name\":\"Percorsi individuali - Coaching, formazione, consulenza\",\"isPartOf\":{\"@id\":\"https:\/\/andreacatelli.it\/#website\"},\"datePublished\":\"2025-02-21T14:45:02+00:00\",\"dateModified\":\"2026-03-11T09:10:53+00:00\",\"breadcrumb\":{\"@id\":\"https:\/\/andreacatelli.it\/?page_id=228#breadcrumb\"},\"inLanguage\":\"it-IT\",\"potentialAction\":[{\"@type\":\"ReadAction\",\"target\":[\"https:\/\/andreacatelli.it\/?page_id=228\"]}]},{\"@type\":\"BreadcrumbList\",\"@id\":\"https:\/\/andreacatelli.it\/?page_id=228#breadcrumb\",\"itemListElement\":[{\"@type\":\"ListItem\",\"position\":1,\"name\":\"Home\",\"item\":\"https:\/\/andreacatelli.it\/\"},{\"@type\":\"ListItem\",\"position\":2,\"name\":\"Percorsi individuali\"}]},{\"@type\":\"WebSite\",\"@id\":\"https:\/\/andreacatelli.it\/#website\",\"url\":\"https:\/\/andreacatelli.it\/\",\"name\":\"Coaching, formazione, consulenza\",\"description\":\"Sviluppa il tuo talento e le potenzialit\u00e0 della tua organizzazione\",\"potentialAction\":[{\"@type\":\"SearchAction\",\"target\":{\"@type\":\"EntryPoint\",\"urlTemplate\":\"https:\/\/andreacatelli.it\/?s={search_term_string}\"},\"query-input\":\"required name=search_term_string\"}],\"inLanguage\":\"it-IT\"}]}<\/script>\n<!-- \/ Yoast SEO plugin. -->","yoast_head_json":{"title":"Percorsi individuali - Coaching, formazione, consulenza","robots":{"index":"index","follow":"follow","max-snippet":"max-snippet:-1","max-image-preview":"max-image-preview:large","max-video-preview":"max-video-preview:-1"},"canonical":"https:\/\/andreacatelli.it\/?page_id=228","og_locale":"it_IT","og_type":"article","og_title":"Percorsi individuali - Coaching, formazione, consulenza","og_description":"Stare bene al lavoro o fare il lavoro che ci fa stare bene Spesso ricevo richieste di consulenza da clienti che, in una fase cruciale della loro vita, hanno necessit\u00e0 di essere supportati nelle scelte professionali. La maggior parte di queste persone non ha chiaro, almeno in una fase inziale, che cosa mi sta chiedendo. &hellip; Leggi tutto \"Percorsi individuali\"","og_url":"https:\/\/andreacatelli.it\/?page_id=228","og_site_name":"Coaching, formazione, consulenza","article_modified_time":"2026-03-11T09:10:53+00:00","twitter_card":"summary_large_image","twitter_misc":{"Tempo di lettura stimato":"3 minuti"},"schema":{"@context":"https:\/\/schema.org","@graph":[{"@type":"WebPage","@id":"https:\/\/andreacatelli.it\/?page_id=228","url":"https:\/\/andreacatelli.it\/?page_id=228","name":"Percorsi individuali - Coaching, formazione, consulenza","isPartOf":{"@id":"https:\/\/andreacatelli.it\/#website"},"datePublished":"2025-02-21T14:45:02+00:00","dateModified":"2026-03-11T09:10:53+00:00","breadcrumb":{"@id":"https:\/\/andreacatelli.it\/?page_id=228#breadcrumb"},"inLanguage":"it-IT","potentialAction":[{"@type":"ReadAction","target":["https:\/\/andreacatelli.it\/?page_id=228"]}]},{"@type":"BreadcrumbList","@id":"https:\/\/andreacatelli.it\/?page_id=228#breadcrumb","itemListElement":[{"@type":"ListItem","position":1,"name":"Home","item":"https:\/\/andreacatelli.it\/"},{"@type":"ListItem","position":2,"name":"Percorsi individuali"}]},{"@type":"WebSite","@id":"https:\/\/andreacatelli.it\/#website","url":"https:\/\/andreacatelli.it\/","name":"Coaching, formazione, consulenza","description":"Sviluppa il tuo talento e le potenzialit\u00e0 della tua organizzazione","potentialAction":[{"@type":"SearchAction","target":{"@type":"EntryPoint","urlTemplate":"https:\/\/andreacatelli.it\/?s={search_term_string}"},"query-input":"required name=search_term_string"}],"inLanguage":"it-IT"}]}},"_links":{"self":[{"href":"https:\/\/andreacatelli.it\/index.php?rest_route=\/wp\/v2\/pages\/228","targetHints":{"allow":["GET"]}}],"collection":[{"href":"https:\/\/andreacatelli.it\/index.php?rest_route=\/wp\/v2\/pages"}],"about":[{"href":"https:\/\/andreacatelli.it\/index.php?rest_route=\/wp\/v2\/types\/page"}],"author":[{"embeddable":true,"href":"https:\/\/andreacatelli.it\/index.php?rest_route=\/wp\/v2\/users\/1"}],"replies":[{"embeddable":true,"href":"https:\/\/andreacatelli.it\/index.php?rest_route=%2Fwp%2Fv2%2Fcomments&post=228"}],"version-history":[{"count":15,"href":"https:\/\/andreacatelli.it\/index.php?rest_route=\/wp\/v2\/pages\/228\/revisions"}],"predecessor-version":[{"id":279,"href":"https:\/\/andreacatelli.it\/index.php?rest_route=\/wp\/v2\/pages\/228\/revisions\/279"}],"wp:attachment":[{"href":"https:\/\/andreacatelli.it\/index.php?rest_route=%2Fwp%2Fv2%2Fmedia&parent=228"}],"curies":[{"name":"wp","href":"https:\/\/api.w.org\/{rel}","templated":true}]}}

<h4><span style="color: #000080;">Stare bene al lavoro o fare il lavoro che ci fa stare bene</span></h4>
<p>Spesso ricevo richieste di consulenza da clienti che, in una fase cruciale della loro vita, hanno necessità di essere supportati nelle scelte professionali.</p>
<p>La maggior parte di queste persone non ha chiaro, almeno in una fase inziale, che cosa mi sta chiedendo. Tutti però esprimono una profonda difficoltà rispetto al loro lavoro e alla loro vita.</p>
<p>Posso distinguere due gruppi di persone.</p>
<ul>
<li>Il primo gruppo comprende chi, per i motivi più diversi, deve <strong><span style="color: #000080;"><em>ricominciare</em></span></strong>. Qualcuno deve fare i conti con ristrutturazioni aziendali, altri con il proprio mercato di riferimento inesorabilmente mutato, altri ancora, pur intenzionati ad iniziare un nuovo percorso, non sanno da dove cominciare per rimettersi in gioco. Tutti riportano la fatica di orientarsi in una società che all&#8217;apparenza offre mille opportunità ma che, in concreto, non aiuta affatto a ricominciare.</li>
<li>Il secondo gruppo comprende persone che esprimono un <strong><span style="color: #000080;"><em>disagio</em></span> </strong>&#8211;  sopraggiunto nel tempo &#8211; nello svolgere il loro lavoro. Con il passare degli anni si sono accorti che le motivazioni e le soddisfazioni che li hanno sostenuti in passato si sono affievolite o spente. Qualcuno prova a coltivare altri interessi, altri attribuiscono il proprio malessere al capo, ai colleghi, ai clienti sempre più pretenziosi e maleducati. In tutti è evidente la difficoltà di adattarsi ad un mutato scenario in cui non sentono più di poter trarre soddisfazione.</li>
</ul>
<p><span style="color: #000080;"><strong><em>Quando siamo di fronte alla necessità di un cambiamento, fatichiamo a vedere il nostro talento e le nostre risorse</em></strong></span>. La “Sindrome dell’Impostore” è più diffusa di quanto pensiamo. Crediamo che i nostri successi siano supportati dalla fortuna e non ci riconosciamo capacità, talenti e risorse che invece abbiamo.</p>
<p>Ho aiutato persone che non si sentivano appagate e realizzate e hanno deciso di provare a cambiare. Ho sostenuto altri che, a fronte di riorganizzazioni aziendali, si sono trovati “fuori” dal mercato del lavoro e, dopo molti anni di certezze, erano frastornati e spaesati. Altri ancora, sentendo di aver esaurito la passione e la spinta nella loro quotidianità, hanno sentito l’esigenza di coltivare altre possibilità.</p>
<p><strong><span style="color: #000080;">Il mio metodo ha come obiettivo <em>sviluppare la consapevolezza del proprio talento e delle proprie inclinazioni personali</em></span></strong><em>,</em> utilizzarli in nuovi progetti o per migliorare il contesto in cui già si lavora.</p>
<p style="padding-left: 40px;"><em>Ipotizzare percorsi di sviluppo e stendere un piano d’azione;</em><br />
<em> Ridefinire i propri obiettivi con consapevolezza;</em><br />
<em>Individuare i propri talenti.</em></p>
<p>Oltre che aver vissuto nel mio percorso professionale queste fatiche ed aver sperimentato su di me questi stessi percorsi, mi formo costantemente da anni. La mia formazione come <strong><em><span style="color: #000080;">Coach di ispirazione Gestaltica</span></em></strong>, come <strong><span style="color: #000080;"><em>M</em><em>aster Practitioner PNL</em></span></strong>, nonchè come<span style="color: #000080;"><strong> Ipnologo Costruttivista</strong></span> mi permette di far emergere elementi personali e fornire strumenti operativi supportando concretamente il cambiamento.</p>
<p>L’obiettivo del lavoro non è mai il raggiungimento di un risultato predefinito ma piuttosto individuare il percorso affinché il cliente possa mettere a fuoco il proprio obiettivo, definire la strada per raggiungerlo, utilizzare gli strumenti più adatti a lui.</p>
<p style="padding-left: 40px;"><em>Il lavoro che faccio non è dare ricette al cliente ma aiutarlo a trovare i propri strumenti, le proprie risorse e la consapevolezza che “<span style="color: #000080;">c’è un piano B</span>”. Non è mai troppo tardi.<br />
</em></p>
<p><span style="color: #000080;"><em><strong>“Se non ci piace dove stiamo, possiamo spostarci, non siamo alberi”</strong></em></span> Snoopy</p>

<p>Stare bene al lavoro o fare il lavoro che ci fa stare bene Spesso ricevo richieste di consulenza da clienti che, in una fase cruciale della loro vita, hanno necessità di essere supportati nelle scelte professionali. La maggior parte di queste persone non ha chiaro, almeno in una fase inziale, che cosa mi sta chiedendo. &hellip; </p>
<p class="link-more"><a href="https://andreacatelli.it/?page_id=228" class="more-link">Leggi tutto<span class="screen-reader-text"> &#8220;Percorsi individuali&#8221;</span></a></p>

<!-- This site is optimized with the Yoast SEO plugin v20.2.1 - https://yoast.com/wordpress/plugins/seo/ -->
<title>Percorsi individuali - Coaching, formazione, consulenza</title>
<meta name="robots" content="index, follow, max-snippet:-1, max-image-preview:large, max-video-preview:-1" />
<link rel="canonical" href="https://andreacatelli.it/?page_id=228" />
<meta property="og:locale" content="it_IT" />
<meta property="og:type" content="article" />
<meta property="og:title" content="Percorsi individuali - Coaching, formazione, consulenza" />
<meta property="og:description" content="Stare bene al lavoro o fare il lavoro che ci fa stare bene Spesso ricevo richieste di consulenza da clienti che, in una fase cruciale della loro vita, hanno necessità di essere supportati nelle scelte professionali. La maggior parte di queste persone non ha chiaro, almeno in una fase inziale, che cosa mi sta chiedendo. &hellip; Leggi tutto &quot;Percorsi individuali&quot;" />
<meta property="og:url" content="https://andreacatelli.it/?page_id=228" />
<meta property="og:site_name" content="Coaching, formazione, consulenza" />
<meta property="article:modified_time" content="2026-03-11T09:10:53+00:00" />
<meta name="twitter:card" content="summary_large_image" />
<meta name="twitter:label1" content="Tempo di lettura stimato" />
	<meta name="twitter:data1" content="3 minuti" />
<script type="application/ld+json" class="yoast-schema-graph">{"@context":"https://schema.org","@graph":[{"@type":"WebPage","@id":"https://andreacatelli.it/?page_id=228","url":"https://andreacatelli.it/?page_id=228","name":"Percorsi individuali - Coaching, formazione, consulenza","isPartOf":{"@id":"https://andreacatelli.it/#website"},"datePublished":"2025-02-21T14:45:02+00:00","dateModified":"2026-03-11T09:10:53+00:00","breadcrumb":{"@id":"https://andreacatelli.it/?page_id=228#breadcrumb"},"inLanguage":"it-IT","potentialAction":[{"@type":"ReadAction","target":["https://andreacatelli.it/?page_id=228"]}]},{"@type":"BreadcrumbList","@id":"https://andreacatelli.it/?page_id=228#breadcrumb","itemListElement":[{"@type":"ListItem","position":1,"name":"Home","item":"https://andreacatelli.it/"},{"@type":"ListItem","position":2,"name":"Percorsi individuali"}]},{"@type":"WebSite","@id":"https://andreacatelli.it/#website","url":"https://andreacatelli.it/","name":"Coaching, formazione, consulenza","description":"Sviluppa il tuo talento e le potenzialità della tua organizzazione","potentialAction":[{"@type":"SearchAction","target":{"@type":"EntryPoint","urlTemplate":"https://andreacatelli.it/?s={search_term_string}"},"query-input":"required name=search_term_string"}],"inLanguage":"it-IT"}]}</script>
<!-- / Yoast SEO plugin. -->

Stare bene al lavoro o fare il lavoro che ci fa stare bene Spesso ricevo richieste di consulenza da clienti che, in una fase cruciale della loro vita, hanno necessità di essere supportati nelle scelte professionali. La maggior parte di queste persone non ha chiaro, almeno in una fase inziale, che cosa mi sta chiedendo. &hellip; Leggi tutto "Percorsi individuali"

Sviluppa il tuo talento e le potenzialità della tua organizzazione
